{"id":5805,"date":"2025-05-20T19:38:00","date_gmt":"2025-05-20T19:38:00","guid":{"rendered":"https:\/\/ofertalux.com\/empresa\/?post_type=product&#038;p=5805"},"modified":"2026-03-17T19:07:36","modified_gmt":"2026-03-17T19:07:36","slug":"funda-interior-para-respaldos-de-sofa-ikea-70x50x12-funda-vacia-sin-relleno","status":"publish","type":"product","link":"https:\/\/ofertalux.com\/empresa\/producto\/funda-interior-para-respaldos-de-sofa-ikea-70x50x12-funda-vacia-sin-relleno\/","title":{"rendered":"FUNDA interior para respaldos de Sof\u00e1 IKEA 70x50x12\/ 3 T\u00faneles (FUNDA VAC\u00cdA-SIN RELLENO)"},"content":{"rendered":"<p><span style=\"color: #ff0000;\"><strong>Son para respaldos de sof\u00e1s con medida original de 70cm x 50cm x 12cm. <span style=\"color: #0000ff;\">( La funda interior que ofrecemos es mas grande obviamente para que se ajuste luego a las medidas 70x50x12.\u00a0<\/span><\/strong><\/span><\/p>\n<p><strong>Podemos confeccionar otras medidas y modelos.<\/strong><\/p>\n<p><strong>Cuando el stock se muestra 0 (zero) seria PRODUCTO BAJO PEDIDO y puedes tardar 7-10 dias en recibirlo porque se confeccionan bajo demanda. <\/strong><\/p>\n<p><strong>Si necesita de otra medida o modelo se puede confeccionar sin problema.<\/strong><\/p>\n","protected":false},"excerpt":{"rendered":"<p><span style=\"color: #ff0000;\">Modelo con 3 tuneles (tiene separadores para el relleno se reparta en 3 tuneles individuales)<\/span><\/p>\n<p>SE SIRVE DEL MISMO COLOR QUE MUESTRAN LAS FOTOS porque el ROSA PALO SE HA AGOTADO Y AHORA TRABAJAMOS EL GRIS. (puede variar un poco el tono)<\/p>\n<p><span style=\"color: #ff0000;\"><strong>Son para respaldos de sof\u00e1s con medida original de 70cm x 50cm x 12cm. <span style=\"color: #0000ff;\">( La funda interior que ofrecemos es mas grande obviamente para que se ajuste luego a las medidas 70x50x12.\u00a0<\/span><\/strong><\/span><\/p>\n<p><strong>SON BAJO PEDIDO. USTED HACE PEDIDO Y NOSOTROS CONFECCIONAMOS LAS FUNDAS EN POCOS DIAS.<\/strong><\/p>\n<p><strong>SI NO TE CUADRAN ESTAN MEDIDAS SE HACEN POR ENCARGO CON LAS MEDIDAS NECESARIAS.<\/strong><\/p>\n<p><strong>ATENCI\u00d3N! Se trata de FUNDA VAC\u00cdA-SIN RELLENO. Si quiere relleno debe comprarlo por separado o utilizar el relleno que tiene en casa metiendolo en las fundas nuevas.<\/strong><\/p>\n<p><strong>Fundas de TNT Antibacteriano de 70 gramos de grosor con 3 t\u00faneles separados entre si para que el relleno no se haga una pelota en el medio y se deforme el coj\u00edn. Tiene cremallera grande en un lado por donde se puede introducir mas relleno o sacarlo cuando sea necesario.<\/strong><\/p>\n<p><strong>Vale para una funda exterior mas peque\u00f1a que este relleno pero no va valer para una funda exterior mas grande porque le quedar\u00eda vac\u00eda. Siempre el relleno tiene que ser mas grande que la funda exterior\u00a0<\/strong><\/p>\n<p><strong>En todo caso si tiene dudas puede dibujar su coj\u00edn en un papel con sus medidas correspondientes y mand\u00e1rnoslo por WhatsApp. Nos podemos asegurar si te valen estas fundas rellenas o si necesitas que te hagamos te otras a medida.<\/strong><\/p>\n","protected":false},"featured_media":6337,"comment_status":"open","ping_status":"closed","template":"","meta":[],"product_cat":[24,943],"product_tag":[1561,1564,1560,1575,1574,1582,1586,1580,1583,1587,1581,1584,1585,1562,1571,1559,1570,1558,1568,1563,1576,1577,1578,1579,1566,1569,1572,1573,1567,1565],"class_list":{"0":"post-5805","1":"product","2":"type-product","3":"status-publish","4":"has-post-thumbnail","6":"product_brand-tapizados-luxor","7":"product_cat-fundas","8":"product_cat-rellenos-acolchado","9":"product_tag-cojines-de-sofa","10":"product_tag-cojines-interiores-del-respaldo-de-sofa","11":"product_tag-funda-interior-de-cojines","12":"product_tag-fundas-a-medida-para-el-interior-de-los-cojines-del-sofa","13":"product_tag-fundas-a-medida-para-respaldos-del-sofa","14":"product_tag-fundas-de-tnt","15":"product_tag-fundas-de-tnt-hidrofugo","16":"product_tag-fundas-de-tnt-para-interior-de-cojines","17":"product_tag-fundas-de-tst","18":"product_tag-fundas-de-tst-hidrofugo","19":"product_tag-fundas-de-tst-para-interior-de-cojines","20":"product_tag-fundas-interiores-de-tnt","21":"product_tag-fundas-interiores-de-tst","22":"product_tag-fundas-interiores-para-cojines-de-sofa","23":"product_tag-fundas-interiores-para-respaldos-del-sofa","24":"product_tag-fundas-para-cojines","25":"product_tag-fundas-para-cojines-de-fofa","26":"product_tag-fundas-para-interior-de-los-cojines","27":"product_tag-interior-de-los-cojines-para-respaldos-del-sofa","28":"product_tag-interiores-de-cojines-de-sofa","29":"product_tag-relleno-para-respaldo-de-sofa","30":"product_tag-relleno-para-respaldo-del-chailonge","31":"product_tag-relleno-para-sillones","32":"product_tag-relleno-para-sofas","33":"product_tag-rellenos-a-medida-para-respaldos-de-sofa","34":"product_tag-rellenos-interiores-para-cojines","35":"product_tag-rellenos-para-los-cojines-de-la-espalda","36":"product_tag-rellenos-para-los-interiores-de-los-respaldos-del-sofa","37":"product_tag-rellenos-para-respaldos-del-sofa","38":"product_tag-respaldos-de-sofa","39":"product_shipping_class-ofertalux","41":"first","42":"onbackorder","43":"taxable","44":"shipping-taxable","45":"purchasable","46":"product-type-simple"},"jetpack_sharing_enabled":true,"_links":{"self":[{"href":"https:\/\/ofertalux.com\/empresa\/wp-json\/wp\/v2\/product\/5805","targetHints":{"allow":["GET"]}}],"collection":[{"href":"https:\/\/ofertalux.com\/empresa\/wp-json\/wp\/v2\/product"}],"about":[{"href":"https:\/\/ofertalux.com\/empresa\/wp-json\/wp\/v2\/types\/product"}],"replies":[{"embeddable":true,"href":"https:\/\/ofertalux.com\/empresa\/wp-json\/wp\/v2\/comments?post=5805"}],"wp:featuredmedia":[{"embeddable":true,"href":"https:\/\/ofertalux.com\/empresa\/wp-json\/wp\/v2\/media\/6337"}],"wp:attachment":[{"href":"https:\/\/ofertalux.com\/empresa\/wp-json\/wp\/v2\/media?parent=5805"}],"wp:term":[{"taxonomy":"product_cat","embeddable":true,"href":"https:\/\/ofertalux.com\/empresa\/wp-json\/wp\/v2\/product_cat?post=5805"},{"taxonomy":"product_tag","embeddable":true,"href":"https:\/\/ofertalux.com\/empresa\/wp-json\/wp\/v2\/product_tag?post=5805"}],"curies":[{"name":"wp","href":"https:\/\/api.w.org\/{rel}","templated":true}]}}