{"id":5154,"date":"2023-12-07T21:21:00","date_gmt":"2023-12-07T21:21:00","guid":{"rendered":"https:\/\/ofertalux.com\/empresa\/?post_type=product&#038;p=5154"},"modified":"2024-11-14T10:00:52","modified_gmt":"2024-11-14T10:00:52","slug":"polipiel-nautico-especial-para-tapizar-cosas-de-hogar-motos-coches-y-barcos-todos-los-colores","status":"publish","type":"product","link":"https:\/\/ofertalux.com\/empresa\/producto\/polipiel-nautico-especial-para-tapizar-cosas-de-hogar-motos-coches-y-barcos-todos-los-colores\/","title":{"rendered":"Polipiel NAUTICO\/Especial para tapizar cosas de hogar, motos, coches y barcos (Todos los colores)"},"content":{"rendered":"<div id=\"dpx-product-description_feature_div\">\n<div class=\"celwidget\" data-csa-c-id=\"oov9ml-v6wgxn-jquhpe-74utst\" data-cel-widget=\"dpx-product-description_csm_instrumentation_wrapper\">\n<div id=\"descriptionAndDetails\" class=\"a-section a-spacing-extra-large\">\n<div id=\"productDescription_feature_div\" class=\"celwidget\" data-feature-name=\"productDescription\" data-csa-c-id=\"c6naxg-uvbyk9-1feu11-vqltqn\" data-cel-widget=\"productDescription_feature_div\">\n<div id=\"productDescription_feature_div\" class=\"a-row feature\" data-feature-name=\"productDescription\" data-template-name=\"productDescription\" data-cel-widget=\"productDescription_feature_div\">\n<div id=\"productDescription\" class=\"a-section a-spacing-small\">\n<h3>Descripci\u00f3n del producto<\/h3>\n<p><strong>Ancho<\/strong><br \/>\n140 cm.<\/p>\n<p><strong>Peso<\/strong><br \/>\n550 gr\/m2<\/p>\n<p><strong>Composici\u00f3n<\/strong><br \/>\n2%PU 87%PVC 11%PET<\/p>\n<p><strong>Martindale Test<\/strong><br \/>\n50,000<\/p>\n<p><strong>Solidez a la luz<\/strong><br \/>\n6<\/p>\n<p><strong>Resistencia al piling<\/strong><br \/>\n4\/5<\/p>\n<p>&nbsp;<\/p>\n<p>Polipiel de alta calidad\/ Especial para tapizar tanto cosas de casa (interior y exterior) como motos, coches, barcos, colegios, hospitales, etc&#8230;<br \/>\nAncho 140cm<br \/>\nSi compras 100cm corresponde a 1 metro lineal (Ancho 140cm) Si compras 2 ud= 2 metros lineales x 140cm ancho<\/p>\n<h3>Aviso legal<\/h3>\n<p>NO SE ACEPTAN DEVOLUCIONES PORQUE SE TRATA DE MATERIAL\/AL CORTE. Si tiene dudas, contacte con nosotros antes de comprar (Tel: 618656689)<br \/>\nATENCI\u00d3N! Los tonos podr\u00edan verse diferentes debido a la c\u00e1mara. Intentamos que sean lo mas reales posible.<\/p>\n<\/div>\n<\/div>\n<\/div>\n<\/div>\n<\/div>\n<\/div>\n<div id=\"dpx-climate-pledge-friendly-btf_feature_div\">\n<div class=\"celwidget\" data-csa-c-id=\"nmchx6-xlg1x8-ikqyfz-emew2p\" data-cel-widget=\"dpx-climate-pledge-friendly-btf_csm_instrumentation_wrapper\">\n<div id=\"climatePledgeFriendlyBTF_feature_div\" class=\"celwidget\" data-feature-name=\"climatePledgeFriendlyBTF\" data-csa-c-id=\"s996m6-6otjvg-xs0vzq-7deqyx\" data-cel-widget=\"climatePledgeFriendlyBTF_feature_div\"><\/div>\n<\/div>\n<\/div>\n<div id=\"dpx-post-purchase-witb-btf_feature_div\">\n<div class=\"celwidget\" data-csa-c-id=\"rzmkun-feea39-jmravo-v0541t\" data-cel-widget=\"dpx-post-purchase-witb-btf_csm_instrumentation_wrapper\">\n<div id=\"postPurchaseWhatsInTheBox_feature_div\" class=\"celwidget\" data-feature-name=\"postPurchaseWhatsInTheBox\" data-csa-c-id=\"so8m8t-xdwf1a-xuxyk7-46df53\" data-cel-widget=\"postPurchaseWhatsInTheBox_feature_div\"><\/div>\n<\/div>\n<\/div>\n<div id=\"dpx-aplus-brand-story_feature_div\">\n<div class=\"celwidget\" data-csa-c-id=\"jnq9nt-149ml9-cgqxni-qtrzps\" data-cel-widget=\"dpx-aplus-brand-story_csm_instrumentation_wrapper\">\n<div id=\"aplusBrandStory_feature_div\" class=\"celwidget\" data-feature-name=\"aplusBrandStory\" data-csa-c-id=\"qxhlu-merrl1-hocna3-cuxoxu\" data-cel-widget=\"aplusBrandStory_feature_div\"><\/div>\n<\/div>\n<\/div>\n<div id=\"dpx-aplus-product-description_feature_div\"><\/div>\n<div id=\"dpx-aplus-3p-product-description_feature_div\"><\/div>\n<div id=\"dpx-aplus-sustainability-story_feature_div\">\n<div class=\"celwidget\" data-csa-c-id=\"b3206m-95l4ml-oyv1vl-ho8eq7\" data-cel-widget=\"dpx-aplus-sustainability-story_csm_instrumentation_wrapper\">\n<div id=\"aplusSustainabilityStory_feature_div\" class=\"celwidget\" data-feature-name=\"aplusSustainabilityStory\" data-csa-c-id=\"jc0ddl-j0eu7w-378l4c-l5dlob\" data-cel-widget=\"aplusSustainabilityStory_feature_div\"><\/div>\n<\/div>\n<\/div>\n<div class=\"celwidget\" data-csa-c-id=\"v793sf-egf1m9-pl0lw0-dbc427\" data-cel-widget=\"cpsia-product-safety-warning_csm_instrumentation_wrapper\">\n<div id=\"legalEUBtf_feature_div\" class=\"celwidget\" data-feature-name=\"legalEUBtf\" data-csa-c-id=\"huoja0-8r9qsg-oroaha-w72uu3\" data-cel-widget=\"legalEUBtf_feature_div\"><\/div>\n<\/div>\n<div id=\"detail-bullets_feature_div\">\n<div id=\"dpx-detail-bullets_feature_div\">\n<div class=\"celwidget\" data-csa-c-id=\"uhwrk2-bk7rs2-gqw4xd-m4uw8m\" data-cel-widget=\"dpx-detail-bullets_csm_instrumentation_wrapper\">\n<div id=\"detailBullets_feature_div\" class=\"celwidget\" data-feature-name=\"detailBullets\" data-csa-c-id=\"oa07yh-y0bebf-234l06-ev60kw\" data-cel-widget=\"detailBullets_feature_div\">\n<div id=\"detailBulletsWrapper_feature_div\" class=\"a-section feature detail-bullets-wrapper bucket\" data-feature-name=\"detailBullets\" data-template-name=\"detailBullets\" data-cel-widget=\"detailBulletsWrapper_feature_div\"><\/div>\n<\/div>\n<\/div>\n<\/div>\n<\/div>\n","protected":false},"excerpt":{"rendered":"<p>Polipiel Nautico de PRIMERA CALIDAD. Sirve para tapizar cosas de terrazas, jardines, colchonetas de barco, interiores de coche, Puertas de coche, asientos de moto, muebles de casa, bares, etc&#8230; Flexible, resistente y no se despelleja (no se pela). Es antibacteriano e ignifugo. Tiene tratamiento para el sol y la salitre<\/p>\n<p>Selecciona el color que quieras. Alguno se sirve mas r\u00e1pido que otro. Si el stock est\u00e1 en 0 significa que puede tardar hasta 1 semana en enviarse (en fechas de navidad, fiestas y puentes puede tardar mas).\u00a0 El tiempo de proceso del pedido es entre 2 y 8 d\u00edas laborables (seg\u00fan color)<\/p>\n<p>M\u00ednimo de compra 1 metro lineal. Puedes seleccionar de 0,5 en 0,5. Si necesitas 2,5m selecciona 2,5 y actualiza el carrito.<\/p>\n","protected":false},"featured_media":5249,"comment_status":"open","ping_status":"closed","template":"","meta":[],"product_cat":[725,1426,983,985,984],"product_tag":[1549,1588,1589,1431,1553,1434,1409,1429,1552,1432,1433,1437,1550,1555,1554,1385,1384,1383,1428,1430,1436,1427,1310,1551,1557,1306,1308,1556],"class_list":{"0":"post-5154","1":"product","2":"type-product","3":"status-publish","4":"has-post-thumbnail","6":"product_cat-auto-materiales-para-tapizar-coches","7":"product_cat-materiales-para-tapizar-asientos-de-motos","8":"product_cat-polipieles","9":"product_cat-polipieles-para-exterior-outdoor-nauticos","10":"product_cat-polipieles-para-interior-hogar","11":"product_tag-atlantis","12":"product_tag-nautico","13":"product_tag-polipiel-atlantis","14":"product_tag-polipiel-coche","15":"product_tag-polipiel-de-barcos","16":"product_tag-polipiel-especial-para-coche","17":"product_tag-polipiel-nautico","18":"product_tag-polipiel-para-asientos-de-coche","19":"product_tag-polipiel-para-asientos-de-moto","20":"product_tag-polipiel-para-auto","21":"product_tag-polipiel-para-automocion","22":"product_tag-polipiel-para-bajantes-de-coche","23":"product_tag-polipiel-para-cabeceros","24":"product_tag-polipiel-para-colchonetas-de-barco","25":"product_tag-polipiel-para-exterior","26":"product_tag-polipiel-para-forrar-bases-de-canape","27":"product_tag-polipiel-para-forrar-sillas","28":"product_tag-polipiel-para-forrar-sillones","29":"product_tag-polipiel-para-interior-del-coche","30":"product_tag-polipiel-para-puertas-de-coche","31":"product_tag-polipiel-para-sillones-de-coche","32":"product_tag-polipiel-para-tapizar-coche","33":"product_tag-polipiel-para-tapizar-cosas-de-casa","34":"product_tag-polipiel-para-tapizar-motos","35":"product_tag-polipiel-para-tapizar-puertas-de-coche","36":"product_tag-polipiel-para-tapizar-sillas","37":"product_tag-polipiel-para-tapizar-sofas","38":"product_tag-polipieles-de-colores","39":"product_shipping_class-ofertalux","41":"first","42":"instock","43":"taxable","44":"shipping-taxable","45":"purchasable","46":"product-type-variable"},"jetpack_sharing_enabled":true,"_links":{"self":[{"href":"https:\/\/ofertalux.com\/empresa\/wp-json\/wp\/v2\/product\/5154","targetHints":{"allow":["GET"]}}],"collection":[{"href":"https:\/\/ofertalux.com\/empresa\/wp-json\/wp\/v2\/product"}],"about":[{"href":"https:\/\/ofertalux.com\/empresa\/wp-json\/wp\/v2\/types\/product"}],"replies":[{"embeddable":true,"href":"https:\/\/ofertalux.com\/empresa\/wp-json\/wp\/v2\/comments?post=5154"}],"wp:featuredmedia":[{"embeddable":true,"href":"https:\/\/ofertalux.com\/empresa\/wp-json\/wp\/v2\/media\/5249"}],"wp:attachment":[{"href":"https:\/\/ofertalux.com\/empresa\/wp-json\/wp\/v2\/media?parent=5154"}],"wp:term":[{"taxonomy":"product_cat","embeddable":true,"href":"https:\/\/ofertalux.com\/empresa\/wp-json\/wp\/v2\/product_cat?post=5154"},{"taxonomy":"product_tag","embeddable":true,"href":"https:\/\/ofertalux.com\/empresa\/wp-json\/wp\/v2\/product_tag?post=5154"}],"curies":[{"name":"wp","href":"https:\/\/api.w.org\/{rel}","templated":true}]}}