{"id":1005,"date":"2017-12-04T19:14:53","date_gmt":"2017-12-04T19:14:53","guid":{"rendered":"https:\/\/ofertalux.com\/empresa\/?post_type=product&#038;p=1005"},"modified":"2023-06-18T12:39:31","modified_gmt":"2023-06-18T12:39:31","slug":"prensatelas-para-jaretas-o-festones","status":"publish","type":"product","link":"https:\/\/ofertalux.com\/empresa\/producto\/prensatelas-para-jaretas-o-festones\/","title":{"rendered":"PRENSATELAS PARA JARETAS O FESTONES"},"content":{"rendered":"<pre>Disponibilidad:Kit de 1 prensatelas\r\n(se puede elegir de 9 filas o 5 filas) \r\npara hacer jaretas o festones en \r\nm\u00e1quinas de coser dom\u00e9sticas, m\u00e1s juego \r\nde 3 agujas dobles de diferente anchura:\u00a0\r\n<i><b>2\/90, 3\/90, 4\/90<\/b><\/i><\/pre>\n<p>El prensatelas es compatible con la mayor\u00eda de las maquina de coser domesticas.<\/p>\n<div id='gallery-1' class='gallery galleryid-1005 gallery-columns-2 gallery-size-medium_large'><figure class='gallery-item'>\n\t\t\t<div class='gallery-icon landscape'>\n\t\t\t\t<a href='https:\/\/ofertalux.com\/empresa\/?attachment_id=989'><img loading=\"lazy\" decoding=\"async\" width=\"768\" height=\"768\" src=\"https:\/\/ofertalux.com\/empresa\/wp-content\/uploads\/2017\/11\/1813837464-1315577202-768x768.jpg\" class=\"attachment-medium_large size-medium_large\" alt=\"\" srcset=\"https:\/\/ofertalux.com\/empresa\/wp-content\/uploads\/2017\/11\/1813837464-1315577202-768x768.jpg 768w, https:\/\/ofertalux.com\/empresa\/wp-content\/uploads\/2017\/11\/1813837464-1315577202-100x100.jpg 100w, https:\/\/ofertalux.com\/empresa\/wp-content\/uploads\/2017\/11\/1813837464-1315577202-500x500.jpg 500w, https:\/\/ofertalux.com\/empresa\/wp-content\/uploads\/2017\/11\/1813837464-1315577202-200x200.jpg 200w, https:\/\/ofertalux.com\/empresa\/wp-content\/uploads\/2017\/11\/1813837464-1315577202-350x350.jpg 350w, https:\/\/ofertalux.com\/empresa\/wp-content\/uploads\/2017\/11\/1813837464-1315577202-300x300.jpg 300w, https:\/\/ofertalux.com\/empresa\/wp-content\/uploads\/2017\/11\/1813837464-1315577202-600x600.jpg 600w, https:\/\/ofertalux.com\/empresa\/wp-content\/uploads\/2017\/11\/1813837464-1315577202-60x60.jpg 60w, https:\/\/ofertalux.com\/empresa\/wp-content\/uploads\/2017\/11\/1813837464-1315577202.jpg 960w\" sizes=\"auto, (max-width: 768px) 100vw, 768px\" \/><\/a>\n\t\t\t<\/div><\/figure><figure class='gallery-item'>\n\t\t\t<div class='gallery-icon landscape'>\n\t\t\t\t<a href='https:\/\/ofertalux.com\/empresa\/?attachment_id=1003'><img loading=\"lazy\" decoding=\"async\" width=\"580\" height=\"339\" src=\"https:\/\/ofertalux.com\/empresa\/wp-content\/uploads\/2017\/12\/7-Groove-Pin-Tuck-Foot.jpg\" class=\"attachment-medium_large size-medium_large\" alt=\"\" srcset=\"https:\/\/ofertalux.com\/empresa\/wp-content\/uploads\/2017\/12\/7-Groove-Pin-Tuck-Foot.jpg 580w, https:\/\/ofertalux.com\/empresa\/wp-content\/uploads\/2017\/12\/7-Groove-Pin-Tuck-Foot-500x292.jpg 500w, https:\/\/ofertalux.com\/empresa\/wp-content\/uploads\/2017\/12\/7-Groove-Pin-Tuck-Foot-300x175.jpg 300w\" sizes=\"auto, (max-width: 580px) 100vw, 580px\" \/><\/a>\n\t\t\t<\/div><\/figure><figure class='gallery-item'>\n\t\t\t<div class='gallery-icon landscape'>\n\t\t\t\t<a href='https:\/\/ofertalux.com\/empresa\/?attachment_id=988'><img loading=\"lazy\" decoding=\"async\" width=\"768\" height=\"768\" src=\"https:\/\/ofertalux.com\/empresa\/wp-content\/uploads\/2017\/11\/1116502650-916767354-768x768.jpg\" class=\"attachment-medium_large size-medium_large\" alt=\"\" srcset=\"https:\/\/ofertalux.com\/empresa\/wp-content\/uploads\/2017\/11\/1116502650-916767354-768x768.jpg 768w, https:\/\/ofertalux.com\/empresa\/wp-content\/uploads\/2017\/11\/1116502650-916767354-100x100.jpg 100w, https:\/\/ofertalux.com\/empresa\/wp-content\/uploads\/2017\/11\/1116502650-916767354-500x500.jpg 500w, https:\/\/ofertalux.com\/empresa\/wp-content\/uploads\/2017\/11\/1116502650-916767354-200x200.jpg 200w, https:\/\/ofertalux.com\/empresa\/wp-content\/uploads\/2017\/11\/1116502650-916767354-350x350.jpg 350w, https:\/\/ofertalux.com\/empresa\/wp-content\/uploads\/2017\/11\/1116502650-916767354-300x300.jpg 300w, https:\/\/ofertalux.com\/empresa\/wp-content\/uploads\/2017\/11\/1116502650-916767354-600x600.jpg 600w, https:\/\/ofertalux.com\/empresa\/wp-content\/uploads\/2017\/11\/1116502650-916767354-60x60.jpg 60w, https:\/\/ofertalux.com\/empresa\/wp-content\/uploads\/2017\/11\/1116502650-916767354.jpg 960w\" sizes=\"auto, (max-width: 768px) 100vw, 768px\" \/><\/a>\n\t\t\t<\/div><\/figure><figure class='gallery-item'>\n\t\t\t<div class='gallery-icon landscape'>\n\t\t\t\t<a href='https:\/\/ofertalux.com\/empresa\/?attachment_id=1002'><img loading=\"lazy\" decoding=\"async\" width=\"295\" height=\"275\" src=\"https:\/\/ofertalux.com\/empresa\/wp-content\/uploads\/2017\/12\/pie_200-328-003_1.jpg\" class=\"attachment-medium_large size-medium_large\" alt=\"\" srcset=\"https:\/\/ofertalux.com\/empresa\/wp-content\/uploads\/2017\/12\/pie_200-328-003_1.jpg 295w, https:\/\/ofertalux.com\/empresa\/wp-content\/uploads\/2017\/12\/pie_200-328-003_1-215x200.jpg 215w\" sizes=\"auto, (max-width: 295px) 100vw, 295px\" \/><\/a>\n\t\t\t<\/div><\/figure>\n\t\t<\/div>\n\n","protected":false},"excerpt":{"rendered":"<p>Para maquinas de coser domesticas.<\/p>\n<p>Prensatelas de 9 filas o 5 filas para realizar \u00a0jaretas, nervios o lorzas. Se utiliza con aguja doble.<\/p>\n<p>&nbsp;<\/p>\n","protected":false},"featured_media":988,"comment_status":"open","ping_status":"closed","template":"","meta":[],"product_cat":[25],"product_tag":[],"class_list":{"0":"post-1005","1":"product","2":"type-product","3":"status-publish","4":"has-post-thumbnail","6":"product_cat-recambios-para-maquinas-de-coser","8":"first","9":"instock","10":"taxable","11":"shipping-taxable","12":"purchasable","13":"product-type-variable"},"jetpack_sharing_enabled":true,"_links":{"self":[{"href":"https:\/\/ofertalux.com\/empresa\/wp-json\/wp\/v2\/product\/1005","targetHints":{"allow":["GET"]}}],"collection":[{"href":"https:\/\/ofertalux.com\/empresa\/wp-json\/wp\/v2\/product"}],"about":[{"href":"https:\/\/ofertalux.com\/empresa\/wp-json\/wp\/v2\/types\/product"}],"replies":[{"embeddable":true,"href":"https:\/\/ofertalux.com\/empresa\/wp-json\/wp\/v2\/comments?post=1005"}],"wp:featuredmedia":[{"embeddable":true,"href":"https:\/\/ofertalux.com\/empresa\/wp-json\/wp\/v2\/media\/988"}],"wp:attachment":[{"href":"https:\/\/ofertalux.com\/empresa\/wp-json\/wp\/v2\/media?parent=1005"}],"wp:term":[{"taxonomy":"product_cat","embeddable":true,"href":"https:\/\/ofertalux.com\/empresa\/wp-json\/wp\/v2\/product_cat?post=1005"},{"taxonomy":"product_tag","embeddable":true,"href":"https:\/\/ofertalux.com\/empresa\/wp-json\/wp\/v2\/product_tag?post=1005"}],"curies":[{"name":"wp","href":"https:\/\/api.w.org\/{rel}","templated":true}]}}